9
List the prime factors of 58826390.
2, 5, 7, 41, 103, 199
What are the prime factors of 436901996?
2, 881, 123979
List the prime factors of 63747079.
11, 419, 13831
What are the prime factors of 329234312?
2, 11, 3741299
What are the prime factors of 31499476?
2, 101, 77969
What are the prime factors of 435182141?
435182141
List the prime factors of 179668827.
3, 13, 47, 10891
What are the prime factors of 78474785?
5, 43, 383, 953
What are the prime factors of 1071460493?
73, 14677541
What are the prime factors of 374784264?
2, 3, 23, 227, 997
What are the prime factors of 654926577?
3, 218308859
What are the prime factors of 314707652?
2, 7, 29, 59, 6569
List the prime factors of 1292862638.
2, 19, 34022701
List the prime factors of 2249909679.
3, 4723, 158791
What are the prime factors of 78647380?
2, 5, 7, 561767
List the prime factors of 8983740.
2, 3, 5, 149729
What are the prime factors of 105789198?
2, 3, 17, 47, 22067
List the prime factors of 181382332.
2, 45345583
List the prime factors of 1984101566.
2, 103, 9631561
List the prime factors of 65050017.
3, 21683339
What are the prime factors of 502804989?
3, 359, 17291
What are the prime factors of 64418877?
3, 7157653
List the prime factors of 148596378.
2, 3, 7, 19, 186211
List the prime factors of 768956217.
3, 23, 79, 141067
What are the prime factors of 1654909114?
2, 131, 1093, 5779
What are the prime factors of 2240595569?
37, 60556637
What are the prime factors of 645971134?
2, 17, 18999151
List the prime factors of 933852133.
933852133
What are the prime factors of 471608424?
2, 3, 7, 17, 19, 2897
List the prime factors of 77613041.
11, 17, 41, 53, 191
List the prime factors of 267156543.
3, 31, 59, 181, 269
What are the prime factors of 629250998?
2, 314625499
What are the prime factors of 13843268?
2, 263, 13159
What are the prime factors of 34985771?
34985771
What are the prime factors of 8135750918?
2, 31, 131221789
What are the prime factors of 954376182?
2, 3, 257, 283
What are the prime factors of 48616858?
2, 19, 271, 4721
What are the prime factors of 3122900996?
2, 113, 787, 8779
List the prime factors of 628203062.
2, 809, 388259
What are the prime factors of 122368430?
2, 5, 1069, 11447
What are the prime factors of 75906712?
2, 7, 67, 20231
What are the prime factors of 3586406140?
2, 5, 179320307
List the prime factors of 1045973041.
1045973041
What are the prime factors of 235382262?
2, 3, 39230377
What are the prime factors of 5339204?
2, 13, 102677
What are the prime factors of 5486345?
5, 19, 57751
What are the prime factors of 380319550?
2, 5, 13, 585107
List the prime factors of 77307567.
3, 127, 202907
List the prime factors of 11506997.
29, 419, 947
What are the prime factors of 953264906?
2, 11, 137, 359, 881
What are the prime factors of 2152951513?
47, 5851, 7829
What are the prime factors of 985604973?
3, 328534991
What are the prime factors of 904374134?
2, 452187067
What are the prime factors of 17398790?
2, 5, 1739879
What are the prime factors of 302976355?
5, 11, 23, 53, 4519
List the prime factors of 18850087.
23, 29, 59, 479
What are the prime factors of 55054541?
55054541
List the prime factors of 49127798.
2, 29, 847031
What are the prime factors of 16950565?
5, 19, 113, 1579
What are the prime factors of 1121354076?
2, 3, 67, 89, 15671
What are the prime factors of 871710193?
871710193
What are the prime factors of 244745865?
3, 5, 7, 13, 59, 1013
List the prime factors of 51503530.
2, 5, 13, 396181
List the prime factors of 236541073.
236541073
What are the prime factors of 62416689?
3, 20805563
What are the prime factors of 584885514?
2, 3, 29, 113, 151, 197
What are the prime factors of 24205031?
19, 257, 4957
List the prime factors of 136981452.
2, 3, 101, 113021
What are the prime factors of 101215278?
2, 3, 29, 64633
What are the prime factors of 1787990267?
7, 43, 5940167
List the prime factors of 475829675.
5, 19033187
What are the prime factors of 75766899?
3, 13, 23, 84467
What are the prime factors of 2661043434?
2, 3, 7, 241, 262897
What are the prime factors of 896919539?
61, 14703599
What are the prime factors of 137701781?
7, 43, 311, 1471
What are the prime factors of 72214372?
2, 43, 47, 8933
List the prime factors of 19220196.
2, 3, 107, 14969
What are the prime factors of 415411752?
2, 3, 7, 173, 14293
List the prime factors of 4666278.
2, 3, 733, 1061
What are the prime factors of 116971901?
53, 2207017
What are the prime factors of 105232705?
5, 23, 915067
What are the prime factors of 252442362?
2, 3, 31, 257, 5281
List the prime factors of 12291562.
2, 31, 198251
List the prime factors of 47552091.
3, 15850697
What are the prime factors of 320331885?
3, 5, 167, 127877
What are the prime factors of 28453724?
2, 13, 131, 4177
List the prime factors of 1141232143.
769, 1484047
What are the prime factors of 934384880?
2, 5, 11, 13, 81677
What are the prime factors of 1484697286?
2, 277, 2679959
What are the prime factors of 2554502043?
3, 851500681
What are the prime factors of 114014365?
5, 22802873
List the prime factors of 44623107.
3, 1361, 3643
List the prime factors of 155320534.
2, 17, 113, 40427
List the prime factors of 26661219.
3, 13, 17, 40213
What are the prime factors of 468060497?
19, 109, 226007
List the prime factors of 2713133649.
3, 17, 53198699
What are the prime factors of 40533186?
2, 3, 877, 7703
List the prime factors of 585554675.
5, 4481, 5227
List the prime factors of 298378301.
13, 22952177
What are the prime factors of 59499202?
2, 7, 4249943
List the prime factors of 1060634750.
2, 5, 7, 606077
List the prime factors of 2086853820.
2, 3, 5, 1223, 28439
List the prime factors of 12970819.
12970819
What are the prime factors of 32275302?
2, 3, 23, 233879
List the prime factors of 407644388.
2, 101911097
What are the prime factors of 8014518?
2, 3, 193, 769
List the prime factors of 3264309851.
11, 347, 855203
List the prime factors of 162750355.
5, 3067, 10613
What are the prime factors of 1894741518?
2, 3, 23, 241, 2477
List the prime factors of 6264298501.
4943, 1267307
What are the prime factors of 5201767788?
2, 3, 7, 19, 3259253
What are the prime factors of 641693900?
2, 5, 17, 109, 3463
List the prime factors of 34164455.
5, 13, 525607
List the prime factors of 2812244942.
2, 13, 139, 778153
What are the prime factors of 2274860849?
67, 197, 172351
List the prime factors of 2399538117.
3, 17, 367, 128201
List the prime factors of 2802729278.
2, 1401364639
What are the prime factors of 4914116768?
2, 11, 13960559
What are the prime factors of 5503335219?
3, 1549, 394759
List the prime factors of 51400877.
11, 17, 274871
List the prime factors of 6968092213.
23, 13172197
What are the prime factors of 365991221?
16363, 22367
List the prime factors of 64472014.
2, 59, 546373
List the prime factors of 7848450685.
5, 67, 23428211
List the prime factors of 991938382.
2, 495969191
What are the prime factors of 59174700?
2, 3, 5, 13, 15173
List the prime factors of 1476961706.
2, 11, 29, 31, 53, 1409
What are the prime factors of 4580690790?
2, 3, 5, 13, 139, 84499
What are the prime factors of 60314076?
2, 3, 1231, 1361
List the prime factors of 530510076.
2, 3, 503, 29297
List the prime factors of 72858697.
72858697
List the prime factors of 130713571.
130713571
List the prime factors of 1807652766.
2, 3, 29, 733, 14173
What are the prime factors of 623865901?
4567, 136603
List the prime factors of 23558629.
1823, 12923
What are the prime factors of 218993269?
11, 17, 31, 37, 1021
List the prime factors of 30439922.
2, 3257, 4673
List the prime factors of 120046796.
2, 37, 811127
What are the prime factors of 26776034?
2, 41, 326537
What are the prime factors of 21921403?
7, 3131629
List the prime factors of 126773707.
107, 179, 6619
What are the prime factors of 54995892?
2, 3, 7, 61, 10733
List the prime factors of 24616998.
2, 3, 7, 29, 6737
List the prime factors of 3501872938.
2, 19, 113, 815527
What are the prime factors of 4962159580?
2, 5, 7, 17, 43, 48487
What are the prime factors of 3906522108?
2, 3, 12057167
What are the prime factors of 1743616234?
2, 871808117
List the prime factors of 60619411.
60619411
What are the prime factors of 371112434?
2, 7, 11, 1063, 2267
List th